{"id":87,"date":"2017-05-06T02:52:07","date_gmt":"2017-05-06T00:52:07","guid":{"rendered":"http:\/\/rk-wetter.de\/?page_id=87"},"modified":"2023-11-21T10:24:56","modified_gmt":"2023-11-21T08:24:56","slug":"vorstand","status":"publish","type":"page","link":"https:\/\/rk-wetter.de\/?page_id=87","title":{"rendered":"Vorstand"},"content":{"rendered":"<p>Vorstand der Reservistenkameradschaft Wetter\/Ruhr&nbsp; &nbsp; &nbsp; &nbsp;&nbsp;<\/p>\n<p>&nbsp;<\/p>\n<table style=\"width: 79.4694%; border-color: #ffffff; background-color: #ffffff;\">\n<tbody>\n<tr>\n<td style=\"width: 41.723%;\">Vorsitzender<\/td>\n<td style=\"width: 48.4797%;\">Michael Tolksdorf, Olt. d.R.<\/td>\n<td style=\"width: 9.62838%;\">&nbsp;<\/td>\n<\/tr>\n<tr>\n<td style=\"width: 41.723%;\">1. Stellvertreter<\/td>\n<td style=\"width: 48.4797%;\">Kai Sch\u00e4fers, SU. d.R.<\/td>\n<td style=\"width: 9.62838%;\">&nbsp;<\/td>\n<\/tr>\n<tr>\n<td style=\"width: 41.723%;\">2. Stellvertreter<\/td>\n<td style=\"width: 48.4797%;\">Maik H\u00fclsenbeck, OG d.R.<\/td>\n<td style=\"width: 9.62838%;\">&nbsp;<\/td>\n<\/tr>\n<tr>\n<td style=\"width: 41.723%;\">Schriftf\u00fchrer<\/td>\n<td style=\"width: 48.4797%;\">Thorsten Michaelis, OSG d.R.<\/td>\n<td style=\"width: 9.62838%;\">&nbsp;<\/td>\n<\/tr>\n<tr>\n<td style=\"width: 41.723%;\">Kassenwart<\/td>\n<td style=\"width: 48.4797%;\">Dieter Lueth, OG d.R.<\/td>\n<td style=\"width: 9.62838%;\">&nbsp;<\/td>\n<\/tr>\n<\/tbody>\n<\/table>\n","protected":false},"excerpt":{"rendered":"<p>Vorstand der Reservistenkameradschaft Wetter\/Ruhr&nbsp; &nbsp; &nbsp; &nbsp;&nbsp; &nbsp; Vorsitzender Michael Tolksdorf, Olt. d.R. &nbsp; 1. Stellvertreter Kai Sch\u00e4fers, SU. d.R. &nbsp; 2. Stellvertreter Maik H\u00fclsenbeck, OG d.R. &nbsp; Schriftf\u00fchrer Thorsten Michaelis, OSG d.R. &nbsp; Kassenwart Dieter Lueth, OG d.R. &nbsp;<\/p>\n","protected":false},"author":1,"featured_media":0,"parent":0,"menu_order":7,"comment_status":"closed","ping_status":"closed","template":"","meta":{"ngg_post_thumbnail":0,"footnotes":""},"_links":{"self":[{"href":"https:\/\/rk-wetter.de\/index.php?rest_route=\/wp\/v2\/pages\/87"}],"collection":[{"href":"https:\/\/rk-wetter.de\/index.php?rest_route=\/wp\/v2\/pages"}],"about":[{"href":"https:\/\/rk-wetter.de\/index.php?rest_route=\/wp\/v2\/types\/page"}],"author":[{"embeddable":true,"href":"https:\/\/rk-wetter.de\/index.php?rest_route=\/wp\/v2\/users\/1"}],"replies":[{"embeddable":true,"href":"https:\/\/rk-wetter.de\/index.php?rest_route=%2Fwp%2Fv2%2Fcomments&post=87"}],"version-history":[{"count":15,"href":"https:\/\/rk-wetter.de\/index.php?rest_route=\/wp\/v2\/pages\/87\/revisions"}],"predecessor-version":[{"id":981,"href":"https:\/\/rk-wetter.de\/index.php?rest_route=\/wp\/v2\/pages\/87\/revisions\/981"}],"wp:attachment":[{"href":"https:\/\/rk-wetter.de\/index.php?rest_route=%2Fwp%2Fv2%2Fmedia&parent=87"}],"curies":[{"name":"wp","href":"https:\/\/api.w.org\/{rel}","templated":true}]}}

<p>Vorstand der Reservistenkameradschaft Wetter/Ruhr&nbsp; &nbsp; &nbsp; &nbsp;&nbsp;</p>
<p>&nbsp;</p>
<table style="width: 79.4694%; border-color: #ffffff; background-color: #ffffff;">
<tbody>
<tr>
<td style="width: 41.723%;">Vorsitzender</td>
<td style="width: 48.4797%;">Michael Tolksdorf, Olt. d.R.</td>
<td style="width: 9.62838%;">&nbsp;</td>
</tr>
<tr>
<td style="width: 41.723%;">1. Stellvertreter</td>
<td style="width: 48.4797%;">Kai Schäfers, SU. d.R.</td>
<td style="width: 9.62838%;">&nbsp;</td>
</tr>
<tr>
<td style="width: 41.723%;">2. Stellvertreter</td>
<td style="width: 48.4797%;">Maik Hülsenbeck, OG d.R.</td>
<td style="width: 9.62838%;">&nbsp;</td>
</tr>
<tr>
<td style="width: 41.723%;">Schriftführer</td>
<td style="width: 48.4797%;">Thorsten Michaelis, OSG d.R.</td>
<td style="width: 9.62838%;">&nbsp;</td>
</tr>
<tr>
<td style="width: 41.723%;">Kassenwart</td>
<td style="width: 48.4797%;">Dieter Lueth, OG d.R.</td>
<td style="width: 9.62838%;">&nbsp;</td>
</tr>
</tbody>
</table>

<p>Vorstand der Reservistenkameradschaft Wetter/Ruhr&nbsp; &nbsp; &nbsp; &nbsp;&nbsp; &nbsp; Vorsitzender Michael Tolksdorf, Olt. d.R. &nbsp; 1. Stellvertreter Kai Schäfers, SU. d.R. &nbsp; 2. Stellvertreter Maik Hülsenbeck, OG d.R. &nbsp; Schriftführer Thorsten Michaelis, OSG d.R. &nbsp; Kassenwart Dieter Lueth, OG d.R. &nbsp;</p>
