{"id":66,"date":"2017-05-06T01:59:34","date_gmt":"2017-05-05T23:59:34","guid":{"rendered":"http:\/\/rk-wetter.de\/?page_id=66"},"modified":"2021-10-04T08:51:41","modified_gmt":"2021-10-04T06:51:41","slug":"mitglied-werden","status":"publish","type":"page","link":"https:\/\/rk-wetter.de\/?page_id=66","title":{"rendered":"Mitglied werden"},"content":{"rendered":"<p>Unsere Organisation lebt wie jede von ihren Mitgliedern. Wir freuen uns auf aktive und interessierte Mitglieder, die sich f\u00fcr unsere Ziele engagieren. Wenn Sie Ihre Erfahrung, Ihr Wissen und K\u00f6nnen gerne einbringen m\u00f6chten, freuen wir uns \u00fcber Ihre Mitgliedschaft. Gerne k\u00f6nnen sich auch vorab an jedem 1. Freitag im Monat ein Bild von uns machen.&nbsp;<\/p>\n<p>Oder Sie f\u00fcllen noch heute eine Beitrittserkl\u00e4rung aus. Somit ist schon ein gro\u00dfer Schritt in den Verband der Reservisten getan und Sie k\u00f6nnen bald schon ein registriertes Mitglied in der RK Wetter sein. F\u00fcr einen Jahresbeitrag von 30 \u20ac stehen Ihnen dort eine Vielzahl von Veranstaltungen zur Verf\u00fcgung an denen jeder freiwillig teilnehmen kann. Egal wie alt, oder jung Sie sind. F\u00fcr jeden ist etwas dabei.<\/p>\n<p><a href=\"http:\/\/rk-wetter.de\/wp-content\/uploads\/2017\/05\/Beitrittserkl_rung.pdf\">Beitrittserkl\u00e4rung<\/a><\/p>\n<p>Diese bitte ausf\u00fcllen und per mail an:<a href=\"mailto:info@rk-wetter.de\"><b> info@rk-wetter.de<\/b><\/a> senden,<\/p>\n<p>oder per Brief an:<\/p>\n<p><b>RK-Wetter<br><\/b><b>T. Michaelis<br><\/b><b>Paracelsusstr. 5<br><\/b><b>58300 Wetter<\/b><\/p>\n\n","protected":false},"excerpt":{"rendered":"<p>Unsere Organisation lebt wie jede von ihren Mitgliedern. Wir freuen uns auf aktive und interessierte Mitglieder, die sich f\u00fcr unsere Ziele engagieren. Wenn Sie Ihre Erfahrung, Ihr Wissen und K\u00f6nnen gerne einbringen m\u00f6chten, freuen wir uns \u00fcber Ihre Mitgliedschaft. Gerne k\u00f6nnen sich auch vorab an jedem 1. Freitag im Monat ein Bild von uns machen.&nbsp; &hellip; <\/p>\n<p><a class=\"more-link btn\" href=\"https:\/\/rk-wetter.de\/?page_id=66\">Weiterlesen<\/a><\/p>\n","protected":false},"author":1,"featured_media":0,"parent":0,"menu_order":7,"comment_status":"closed","ping_status":"closed","template":"","meta":{"ngg_post_thumbnail":0,"footnotes":""},"_links":{"self":[{"href":"https:\/\/rk-wetter.de\/index.php?rest_route=\/wp\/v2\/pages\/66"}],"collection":[{"href":"https:\/\/rk-wetter.de\/index.php?rest_route=\/wp\/v2\/pages"}],"about":[{"href":"https:\/\/rk-wetter.de\/index.php?rest_route=\/wp\/v2\/types\/page"}],"author":[{"embeddable":true,"href":"https:\/\/rk-wetter.de\/index.php?rest_route=\/wp\/v2\/users\/1"}],"replies":[{"embeddable":true,"href":"https:\/\/rk-wetter.de\/index.php?rest_route=%2Fwp%2Fv2%2Fcomments&post=66"}],"version-history":[{"count":5,"href":"https:\/\/rk-wetter.de\/index.php?rest_route=\/wp\/v2\/pages\/66\/revisions"}],"predecessor-version":[{"id":802,"href":"https:\/\/rk-wetter.de\/index.php?rest_route=\/wp\/v2\/pages\/66\/revisions\/802"}],"wp:attachment":[{"href":"https:\/\/rk-wetter.de\/index.php?rest_route=%2Fwp%2Fv2%2Fmedia&parent=66"}],"curies":[{"name":"wp","href":"https:\/\/api.w.org\/{rel}","templated":true}]}}